Let s be q(-6). Let m = -9 - s. Let b = 5 + m. Give d(b).
-1
Let x be 1 + 0 - (2 - 0). Let b(t) = 12*t - 67. Let h be b(6). Let j = h + x. Let p(z) = z + 2. Determine p(j).
6
Let g(c) = -c**3 + 3*c + 6*c**3 + 1 - 5*c. Suppose 2*x - 7*x - 3*d = -17, 8 = 2*d. What is g(x)?
4
Let b(a) = -2*a - a**2 + 6 - 3*a + 1. Let v be 0 + -4 + 3/3 + -3. What is b(v)?
1
Let c(x) be the second derivative of 7*x**4/12 - 5*x**3/6 - 3*x**2 - 2*x. Let u(g) = g**2. Let k(w) = c(w) - 6*u(w). Let j be (-15)/2*8/(-12). Calculate k(j).
-6
Let o(f) = f + 2*f + 98 - 97. What is o(-1)?
-2
Let h = -12 + 15. Let d(k) = -5*k**h - 2*k + 0 - 3 - 2 + 4. Calculate d(-1).
6
Let m(u) = 2*u**3 - 3*u**2 - 5*u + 6. Let r(x) = -x**3 + 2*x**2 + 4*x - 5. Let a(z) = -2*m(z) - 3*r(z). Calculate a(2).
-9
Let g(p) = 7*p + 1. Let t be -2*((-66)/12 - -6). Give g(t).
-6
Let p(z) be the third derivative of -z**6/120 - z**5/12 - z**4/8 + 10*z**2. Determine p(-5).
15
Let t(a) = a**3 + 5*a**2 + 5*a + 3. Let q(k) be the third derivative of -k**5/60 - k**4/24 - k**3/3 + k**2. Suppose -3*v = v + 8. Let i be q(v). Give t(i).
-1
Let r(w) = w**3 - 9*w**2 - w + 11. Let y be r(9). Let l(t) = 0*t**y + 1 + t + 2*t + t**2. Let d = -8 - -5. Give l(d).
1
Let f(r) be the second derivative of r**3/2 + 2*r**2 + r. Let n = 6 + -9. Determine f(n).
-5
Suppose 0 = -0*d - 5*d + 2*m - 27, -5*d = 4*m + 21. Let z(h) be the third derivative of 0 + 3/2*h**3 + 0*h - 4*h**2 + 1/24*h**4. Determine z(d).
4
Suppose -3*x = -x + 3*f - 30, 10 = 5*f. Let r = 15 - x. Let q(b) = 3 - 1 - b**2 - 1 + 2*b. Determine q(r).
-2
Let k(v) = v**3 - 4*v**2 - 6*v - 2. Let n be k(5). Let w(r) = r**3 + 7*r**2 + 2*r + 9. Let q be w(n). Let s(t) = t**2 + 7*t + 1. Determine s(q).
-9
Let v = 19 + -16. Suppose 2*i = -i - v. Let y(p) = 3*p - 1. Give y(i).
-4
Let m(i) be the second derivative of i**6/120 - i**5/15 + i**4/24 - i**3/3 - 3*i**2/2 + i. Let b(z) be the first derivative of m(z). Give b(2).
-8
Let h(p) = -3*p + 2*p - p. Suppose -5*w - 8 = -13. Calculate h(w).
-2
Let d(a) = a**2 - 4*a. Suppose -7*z + 12 = -3*z. Let c(j) = -j**2 + 3*j - 1. Let r be c(z). Let o = 6 + r. What is d(o)?
5
Let x(d) = 1 - 6*d**3 + 3 - 5*d**2 - 7*d + 15*d**3. Let j(z) = -9*z**3 + 6*z**2 + 8*z - 5. Let y(k) = 5*j(k) + 6*x(k). Let n be (-7)/21 - 2/3. Give y(n).
-8
Let j(c) = 7 + 8*c**2 - 6*c - 9*c**2 + 2*c**2. Let b be j(5). Let v(p) = 3 + 3 + 0*p + p**b - 5*p - 4. Determine v(4).
-2
Let l(d) = -d**3 + 4*d**2 - 6*d + 4. Let h be 1/4 + (-90)/(-24). Determine l(h).
-20
Let k(o) be the first derivative of -o**4/4 - o**3 + 5*o**2/2 + 2*o + 2. Let m = 5 - 9. Determine k(m).
-2
Let k(a) = 4*a. Let d(j) = -j. Let z(t) = -5*d(t) - k(t). Let i = 584 - 584. Determine z(i).
0
Let k = 26/9 + -49/18. Let r(d) be the second derivative of 0 + 1/2*d**2 + 1/6*d**4 + 3*d + k*d**3. Give r(-2).
7
Let j(r) = 2*r - 3. Let v be (-2 + 24/15)*-25. Let o be 2/v + (-96)/(-20). Determine j(o).
7
Suppose 6 - 21 = -u. Suppose 0 = -2*o - 3*o + u. Let h(s) = s**2 - 2*s + 1. Determine h(o).
4
Suppose 0 = 4*s + b + 27, 4*s = 4*b - 12. Let m(r) = r + 1. Calculate m(s).
-5
Let z(p) = -p**3 + p**2 - p + 1. Let d(q) = 6*q**3 - 1. Let i(h) = d(h) + 2*z(h). Let c = 0 - 0. Let s(g) = g + 1. Let u be s(c). Calculate i(u).
5
Let w(v) = 3 - 3*v - 5 + 5*v**2 - v**3 - 2*v. Let z = 7 + -20. Let u = z - -17. Give w(u).
-6
Let j(c) = -c**3 + 4*c**2 + 3*c - 1. Suppose -5*q - 3*r + 11 = 0, -r - 2*r = 3*q - 3. Determine j(q).
11
Let k be (8/3)/((-2)/(-3)). Let i = k + -3. Let v be -1 + (i/1 - -3). Let m(u) = u - 2. What is m(v)?
1
Let s(m) = 2 - 6*m**2 - 5*m + 3 + 5*m**2. Let v = -1 - 4. What is s(v)?
5
Let j be 8/(-3)*6/(-4). Let n(t) = t**3 + 1 - j - 4*t**2 - 4*t - t**2 - 3. Suppose 5*v - 8 - 13 = -b, -2*v = -6. Give n(b).
6
Suppose -3*n - n = 4. Let t(o) = -21*o**3 + 14*o**2 - 3. Let j(q) = 7*q**3 - 5*q**2 + 1. Let f(c) = -11*j(c) - 4*t(c). Give f(n).
-7
Let w = 58 + -53. Let j(z) = -z**2 + 6*z. Calculate j(w).
5
Let q(h) = -h - 6. Let r be 4/12 - 2/6. Calculate q(r).
-6
Suppose -k - 5*h = 9, 4*k - 15 = -4*h + h. Let n(c) = -k - c + 1 + 4. Determine n(0).
-1
Let b(w) be the first derivative of -1/3*w**3 - 3 + 3*w**2 + 4*w. Give b(5).
9
Let x(q) = -13*q**2 - q. Let g(b) = b**2 - 8*b + 10. Let m be g(7). Suppose 3*d = -6 + m. Calculate x(d).
-12
Let x(m) = -4*m + 2. Let u be (-4)/14*98/(-14). Calculate x(u).
-6
Let z = -5 - -7. Let f = -2 + z. Let k(o) = -2 - o**3 + o - 1 - o**2 + 2*o**2. Give k(f).
-3
Let g(u) = -u**3 - 7*u**2 - 3*u. Let f(p) = 3*p + 9. Let w be f(-5). Determine g(w).
-18
Let r(p) be the second derivative of 4*p**3/3 - p**2/2 - 2*p. Let t(h) = h**2 - 5*h - 3 + 6*h - 4 + 6*h. Let n be t(-8). Calculate r(n).
7
Let r(h) be the first derivative of -h**3/3 - 2*h**2 - 3*h - 8. Let s be (0/(2/1))/2. Let q = -4 - s. What is r(q)?
-3
Let l(s) = s**2 + s - 2. Suppose -4*g = -1 + 9, -5*g - 10 = -5*v. What is l(v)?
-2
Let b = 9 - 6. Let x(f) = -1. Let c(u) = 2*u**2 - 2*u - 2. Let h(v) = c(v) - 3*x(v). Let j(o) = -o**2 - 1. Let p(n) = 2*h(n) + 2*j(n). Calculate p(b).
6
Let x(a) = 2*a**2 - 2*a - 1. Let l(f) = -6*f - 61. Let k be l(-10). Determine x(k).
3
Let i(n) = 5 - 5*n**2 + 11*n - 12*n - 5. Let b(a) = -a**2 + a - 1. Let c(w) = -6*b(w) + i(w). What is c(4)?
-6
Let g(z) = 31*z - 1. Let c = 136 + -137. What is g(c)?
-32
Let p(g) be the first derivative of 4 + 10*g + 1/2*g**2 + 1/3*g**3. Give p(0).
10
Let q be -5*(-2)/(-5)*2. Suppose 3 - 11 = -4*d. Let f(g) = 0*g - 1 - d*g + 5 - g**2. Give f(q).
-4
Let c be 12*((-52)/(-16) + -3). Let f(m) = 2*m**3 - 5*m**2 + m + 2. What is f(c)?
14
Let r(n) = 4*n + 3. Let k(c) = -3*c - 2. Let s(j) = -3*k(j) - 2*r(j). Let t(u) = -u**2 - 3*u + 2. Let v(p) = 3*s(p) + t(p). What is v(3)?
-7
Suppose 4*u + 1 = 9. Let q(w) = u*w - 3 + 2 - 2 - 6. Determine q(6).
3
Let k = -9 - -12. Suppose 2 + 4 = 3*l. Let z(w) = 2*w - 2*w**2 - 2*w**l - 6 + 0*w**k + w**3. Give z(4).
2
Let x = -3 + 4. Let p(k) be the first derivative of -13*k**4/4 - 8. Calculate p(x).
-13
Let v(l) = -5 + l + 5 - 2*l - 1 - 5*l**2. Suppose -6*m + 20 = -2*m. Let i = -6 + m. What is v(i)?
-5
Let n(x) = 2 + 23*x - x**2 - 24*x - 2*x**3 - 2*x**2. Give n(-2).
8
Let w be (9/(-6))/(9/(-12)) + 3. Let v = 13 - 7. Let g(d) = -3*d**3 + d + v*d**2 + 2*d**3 - 7 - 5*d. Give g(w).
-2
Let m(l) = -l. Let u(g) = 3*g. Let p(q) = 2*m(q) + u(q). Suppose 4*y = -0*y + 16. Give p(y).
4
Let z(a) = a**2 + 3*a + 2. Suppose -5*f + 70 = -5*h, 3*h = -5*f + 64 - 10. Let c = f - 15. What is z(c)?
2
Let y(l) = -l - 1. Let q be y(-3). Suppose -o + q = 4. Let f(j) = -j**3 + j**2 + 3*j + 3. What is f(o)?
9
Suppose -4*t + 15 + 1 = 0. Let g = t - 2. Let r(i) = -g + i - 2 - 5. Determine r(4).
-5
Let p(h) = -4*h**3 - 2*h**2 + 1. Let x be p(-1). Let k(t) = -t**2 - 2*t + 4. Give k(x).
-11
Let a(m) = -m**3 - 2*m**2 + 4*m - 1. Let s be a(-3). Let u(p) = -p**2 - 5*p - 6. Give u(s).
-2
Suppose -5*t - 2 = -12. Suppose 3*z + t*z = 10. Let q(u) = 0*u**3 + u**3 + u - 3*u**2 + 0*u - z. What is q(3)?
1
Suppose -13 - 2 = -5*t. Let j(d) = 0*d**3 + 6*d**3 - t*d**2 - d - 5*d**3. What is j(2)?
-6
Let m = 3 + -4. Let h(a) = -1. Let o(v) = 3*v - 2. Let d(u) = 2*h(u) - o(u). Let q be d(m). Let c(l) = -3*l + 1. Give c(q).
-8
Let v(b) be the second derivative of b**5/4 + b**2/2 + b. Let r be -14*2/(-5)*5. Suppose -3*i - r = -4*f - 12, -15 = -3*f + 3*i. Give v(f).
6
Let p(q) = -q - 1. Suppose 3*n + n + 5 = -5*a, 0 = -5*a - 5. Suppose 11 = -2*t + f, 3*t + 2*f = -n*t + 1. Let l = t + 0. Determine p(l).
2
Let g(t) = -t**2 - 5*t - 1. Let l be ((-90)/24 + 3)/((-3)/(-24)). What is g(l)?
-7
Let s(x) = -5*x**3 + 14*x**2 - 5*x + 5. Suppose 3*r - 40 = 8*r. Let z(o) = 2*o**3 - 5*o**2 + 2*o - 2. Let n(q) = r*z(q) - 3*s(q). Calculate n(-2).
3
Let l(w) be the first derivative of -w**4/4 + 5*w**3/3 + 4*w - 60. Give l(5).
4
Let h(l) = -5*l**2 + 2*l - 13. Let j(v) = -3*v**2 + v - 7. Let r(s) = 6*h(s) - 11*j(s). Determine r(-3).
23
Let w(l) = l**2 - 1. Let y(p) = p**2 - 2. Let d(z) = -4*w(z) + 3*y(z). Suppose 4*i + 14 = -30. Let s = i - -9. Determine d(s).
-6
Let y(w) = 0*w**2 + 2*w**2 - 2*w - 2*w**3 + 3*w + 1. Let k(b) = b**3 - 2*b**2 + 2. Let r be k(0). Give y(r).
-5
Suppose -23 = -4*b - h, 5*b + 0*b - 16 = 3*h. Let g(j) = 2*j - 2. What is g(b)?
8
Let t(a) = -3*a + 4. Let u(d) = 9*d - 11. Let o(v) = -8*